r of 17161?
False
Is 8 a factor of 170?
False
Is 2 a factor of 2926?
True
Is 306 a multiple of 34?
True
Does 34 divide 16354?
True
Does 96 divide 69984?
True
Is 18 a factor of 12682?
False
Does 152 divide 31464?
True
Is 1000 a multiple of 50?
True
Is 64 a factor of 2263?
False
Is 3 a factor of 48?
True
Is 32 a factor of 35616?
True
Is 11107 a multiple of 21?
False
Is 11 a factor of 171?
False
Does 16 divide 25673?
False
Does 29 divide 2175?
True
Is 14525 a multiple of 19?
False
Is 527 a multiple of 31?
True
Does 185 divide 15170?
True
Is 40980 a multiple of 14?
False
Does 71 divide 94075?
True
Is 10186 a multiple of 16?
False
Is 4 a factor of 4480?
True
Is 6 a factor of 275?
False
Is 1072 a multiple of 18?
False
Is 64 a multiple of 4?
True
Is 8 a factor of 96?
True
Is 8 a factor of 1176?
True
Is 230 a factor of 17480?
True
Is 654 a multiple of 10?
False
Is 12711 a multiple of 49?
False
Is 102 a factor of 1222?
False
Is 910 a multiple of 50?
False
Does 2 divide 12075?
False
Is 74 a factor of 12085?
False
Does 2 divide 543?
False
Does 6 divide 31091?
False
Is 7840 a multiple of 80?
True
Is 9 a factor of 39726?
True
Does 61 divide 2501?
True
Does 4 divide 3148?
True
Is 17 a factor of 811?
False
Is 18 a factor of 1260?
True
Is 7 a factor of 155?
False
Is 146514 a multiple of 16?
False
Does 18 divide 216?
True
Is 14661 a multiple of 181?
True
Is 35422 a multiple of 220?
False
Is 5187 a multiple of 13?
True
Is 2 a factor of 81?
False
Is 437 a multiple of 24?
False
Does 37 divide 3256?
True
Does 27 divide 42795?
True
Does 38 divide 995?
False
Is 9 a factor of 93?
False
Is 63 a factor of 1672?
False
Does 33 divide 363?
True
Is 19 a factor of 777?
False
Is 6809 a multiple of 23?
False
Does 29 divide 1901?
False
Is 30 a factor of 2490?
True
Is 750 a multiple of 31?
False
Is 2 a factor of 1654?
True
Is 5867 a multiple of 15?
False
Is 26 a factor of 3781?
False
Does 5 divide 765?
True
Is 6 a factor of 13776?
True
Is 102 a factor of 18258?
True
Is 21 a factor of 924?
True
Is 2 a factor of 3?
False
Does 10 divide 26165?
False
Is 3 a factor of 142?
False
Does 3 divide 903?
True
Does 19 divide 12434?
False
Is 61 a factor of 7414?
False
Does 111 divide 4662?
True
Is 588 a multiple of 12?
True
Is 272 a multiple of 136?
True
Does 41 divide 287?
True
Does 24 divide 1320?
True
Does 5 divide 475?
True
Is 4930 a multiple of 17?
True
Is 6 a factor of 2962?
False
Is 5 a factor of 29770?
True
Is 3045 a multiple of 29?
True
Does 17 divide 867?
True
Does 286 divide 15158?
True
Does 5 divide 19430?
True
Is 3 a factor of 5953?
False
Does 19 divide 608?
True
Is 1532 a multiple of 36?
False
Is 1205 a multiple of 62?
False
Does 56 divide 332?
False
Is 26 a factor of 2158?
True
Is 6591 a multiple of 65?
False
Does 22 divide 2214?
False
Is 33464 a multiple of 111?
False
Does 27 divide 459?
True
Is 8502 a multiple of 78?
True
Does 93 divide 10602?
True
Is 26356 a multiple of 22?
True
Is 48 a multiple of 20?
False
Does 7 divide 319?
False
Does 13 divide 2381?
False
Is 18700 a multiple of 25?
True
Does 25 divide 690?
False
Is 30 a factor of 1710?
True
Is 14 a factor of 364?
True
Is 18644 a multiple of 135?
False
Is 33 a factor of 18414?
True
Is 138 a multiple of 3?
True
Does 18 divide 3024?
True
Is 775 a multiple of 42?
False
Does 15 divide 256?
False
Is 480 a multiple of 18?
False
Does 24 divide 2344?
False
Is 48 a factor of 34128?
True
Does 67 divide 3551?
True
Does 47 divide 24830?
False
Does 82 divide 7872?
True
Does 456 divide 22344?
True
Does 10 divide 39400?
True
Is 5 a factor of 1372?
False
Is 3679 a multiple of 13?
True
Is 145 a factor of 2720?
False
Is 14135 a multiple of 10?
False
Does 14 divide 10761?
False
Does 93 divide 526?
False
Is 120 a multiple of 12?
True
Is 20 a factor of 5760?
True
Is 140594 a multiple of 23?
False
Does 25 divide 85?
False
Is 6 a factor of 840?
True
Does 33 divide 8001?
False
Does 40 divide 1112?
False
Does 11 divide 1370?
False
Is 4686 a multiple of 33?
True
Does 13 divide 29303?
False
Does 12 divide 172?
False
Is 5772 a multiple of 12?
True
Does 2 divide 1842?
True
Does 96 divide 3527?
False
Does 26 divide 1222?
True
Is 58 a factor of 986?
True
Does 18 divide 3744?
True
Is 28530 a multiple of 30?
True
Is 3720 a multiple of 155?
True
Does 30 divide 2340?
True
Does 26 divide 2496?
True
Is 11 a factor of 89353?
True
Does 15 divide 2798?
False
Is 25041 a multiple of 17?
True
Is 221 a multiple of 34?
False
Is 13 a factor of 1477?
False
Is 3515 a multiple of 77?
False
Is 4871 even?
False
Does 18 divide 3558?
False
Is 8067 a multiple of 26?
False
Does 19 divide 3553?
True
Is 462 a multiple of 21?
True
Is 26 a factor of 3056?
False
Does 38 divide 5168?
True
Is 28 a factor of 1615?
False
Is 281 a multiple of 5?
False
Does 13 divide 3038?
False
Is 434 a multiple of 35?
False
Is 270 a multiple of 15?
True
Is 101 a factor of 202?
True
Does 4 divide 4191?
False
Does 49 divide 416?
False
Does 4 divide 2784?
True
Is 3 a factor of 8?
False
Does 4 divide 7694?
False
Is 1544 a multiple of 31?
False
Is 13 a factor of 7176?
True
Is 2232 a multiple of 93?
True
Does 80 divide 516?
False
Is 2904 a multiple of 6?
True
Is 2042 a multiple of 76?
False
Does 19 divide 46673?
False
Is 45 a factor of 1395?
True
Does 18 divide 12338?
False
Is 33 a factor of 545?
False
Is 28 a factor of 6846?
False
Is 20 a factor of 7760?
True
Is 1551 a multiple of 47?
True
Does 44 divide 3168?
True
Does 13 divide 597?
False
Is 46 a factor of 2399?
False
Is 66 a factor of 13491?
False
Is 167 a factor of 10521?
True
Is 680 a multiple of 30?
False
Is 7 a factor of 11683?
True
Does 12 divide 1897?
False
Is 51 a factor of 39287?
False
Is 11120 a multiple of 20?
True
Is 164 a factor of 4484?
False
Is 30 a factor of 540?
True
Is 1137 a multiple of 14?
False
Is 59 a factor of 58225?
False
Is 942 a multiple of 6?
True
Is 2 a factor of 161?
False
Is 18203 a multiple of 109?
True
Does 29 divide 25491?
True
Is 3600 a multiple of 76?
False
Is 120 a factor of 14535?
False
Is 14 a factor of 16334?
False
Is 4 a factor of 192?
True
Does 84 divide 2940?
True
Does 13 divide 83024?
False
Does 17 divide 1719?
False
Is 2507 a multiple of 11?
False
Does 12 divide 1896?
True
Does 38 divide 3496?
True
Does 25 divide 16325?
True
Is 378 a multiple of 9?
True
Does 41 divide 980?
False
Is 6 a factor of 8617?
False
Does 21 divide 170230?
False
Is 144 a multiple of 18?
True
Is 42 a factor of 2779?
False
Is 78 a factor of 15834?
True
Is 290 a multiple of 6?
False
Is 264 a multiple of 12?
True
Is 19 a factor of 703?
True
Does 11 divide 359?
False
Is 6286 a multiple of 80?
False
Does 168 divide 15969?
False
Is 82 a factor of 1144?
False
Does 10 divide 44620?
True
Is 15 a factor of 3791?
False
Does 124 divide 992?
True
Is 23 a factor of 434?
False
Does 89 divide 5607?
True
Is 34336 a multiple of 148?
True
Does 4 divide 1161?
False
Does 33 divide 67?
False
Is 65 a factor of 840?
False
Is 16 a factor of 89?
False
Is 34200 a multiple of 152?
True
Is 4 a factor of 48?
True
Is 55 a factor of 165?
True
Does 23 divide 942?
False
Does 10 divide 19120?
True
Is 10271 a multiple of 10?
False
Does 14 divide 3010?
True
Is 19 a factor of 144627?
False
Does 4 divide 163?
False
Is 64 a factor of 3523?
False
Is 744 a multiple of 62?
True
Is 5804 a multiple of 6?
False
Is 20 a factor of 941?
False
Is 6219 a multiple of 9?
True
Is 83 a factor of 1411?
True
Does 226 divide 34578?
True
Does 245 divide 14206?
False
Is 2 a factor of 195?
False
Is 64 a factor of 33216?
True
Does 31 divide 713?
True
Is 13 a factor of 835?
False
Is 3002 a multiple of 79?
True
Does 5 divide 14266?
False
Is 89 a multiple of 89?
True
Is 324 a multiple of 6?
True
Does 21 divide 65142?
True
Does 53 divide 1113?
True
Is 3 a factor of 169?
False
Does 17 divide 2601?
True
Does 29 divide 1044?
True
Does 18 divide 1815?
False
Does 18 divide 4194?
True
Is 37 a factor of 10027?
True
Is 4 a factor of 462?
False
Is 28 a factor of 140?
True
Is 323 a multiple of 5?
False
Is 79 a factor of 1339?
False
Is 475 a multiple of 29?
False
Is 23771 a multiple of 87?
False
Is 1997 a multiple of 32?
False
Is 50 a factor of 1850?
True
Does 22 divide 4755?
False
Does 19 divide 227?
False
Does 2 divide 53?
False
Does 5 divide 1505?
True
Does 30 divide 679?
False
Is 196 a multiple of 7?
Tru